divide 99383376?
True
Is 148270284 a multiple of 54?
True
Does 44 divide 2051004?
False
Is 353469444 a multiple of 2?
True
Does 1452 divide 33001915?
False
Is 3063478 a multiple of 36?
False
Is 5 a factor of 130619775?
True
Does 52 divide 11750754?
False
Does 15 divide 2603085?
True
Is 6164137 a multiple of 46?
False
Is 2940445674 a multiple of 7093?
False
Is 3742 a factor of 984389230?
True
Is 40651498 a multiple of 66?
False
Does 5558 divide 1070471240?
False
Does 8 divide 32383004?
False
Is 59 a factor of 311067411?
True
Is 127069068 a multiple of 203?
True
Is 1678500564 a multiple of 1014?
True
Is 14056 a factor of 3008841416?
True
Is 80437095 a multiple of 1395?
True
Does 389 divide 758516488?
False
Does 20 divide 88612952?
False
Is 56 a factor of 3300744?
False
Is 6579 a factor of 1054997166?
False
Is 135596200 a multiple of 200?
True
Is 1821 a factor of 93718556?
False
Is 54145517 a multiple of 1569?
False
Is 766644360 a multiple of 10?
True
Is 5517 a factor of 94969544?
False
Is 42173029 a multiple of 5935?
False
Is 1938541671 a multiple of 57?
True
Is 806 a factor of 1356011982?
True
Is 431065152 a multiple of 252?
True
Is 54966327 a multiple of 5?
False
Is 27835541 a multiple of 13?
False
Does 323 divide 31600059?
True
Is 3 a factor of 3793167?
True
Is 9 a factor of 3822237?
True
Does 28 divide 5254161948?
True
Does 17 divide 1069940832?
True
Is 35383752 a multiple of 1587?
True
Is 81 a factor of 555056712?
True
Is 32024832 a multiple of 2072?
True
Is 23 a factor of 699951801?
True
Is 267307023 a multiple of 7?
False
Is 1766 a factor of 28911923?
False
Is 239879550 a multiple of 5?
True
Is 22806720 a multiple of 24?
True
Does 12 divide 1351993681?
False
Is 1469 a factor of 77871555?
False
Is 64871010 a multiple of 135?
True
Does 213 divide 3418364822?
False
Is 30050182 a multiple of 142?
True
Is 1167399942 a multiple of 6?
True
Is 224630809 a multiple of 33?
False
Is 10419672 a multiple of 548?
True
Is 4402 a factor of 198855948?
True
Does 22 divide 84569210?
True
Does 1315 divide 10495247?
False
Is 759 a factor of 172107045?
True
Is 734964989 a multiple of 6941?
False
Does 180 divide 85117140?
True
Is 227 a factor of 2677697185?
False
Does 75 divide 491723204?
False
Is 30 a factor of 59445396?
False
Is 14 a factor of 2341388?
True
Is 162661584 a multiple of 57?
True
Is 689 a factor of 3265717377?
True
Is 60 a factor of 76724659?
False
Is 6549 a factor of 430262751?
True
Does 192 divide 1463635776?
True
Does 72 divide 76090464?
True
Is 76628227 a multiple of 1354?
False
Is 1077388128 a multiple of 288?
True
Is 444 a factor of 791118312?
True
Is 461599864 a multiple of 1072?
False
Does 7372 divide 460518079?
False
Is 19054233 a multiple of 384?
False
Is 13161015 a multiple of 57?
True
Is 12 a factor of 45289164?
True
Is 11 a factor of 304497?
False
Does 74 divide 32546162?
True
Is 11 a factor of 4435137571?
False
Is 73 a factor of 93069348?
False
Is 1064 a factor of 28390712?
True
Is 9 a factor of 84526949?
False
Is 561 a factor of 588394424?
False
Does 23 divide 2818348769?
True
Does 21 divide 60304545?
True
Does 9 divide 842021024?
False
Does 1593 divide 25355674?
False
Is 2 a factor of 7290077?
False
Is 36947064 a multiple of 308?
True
Is 5680278009 a multiple of 196?
False
Is 4340925 a multiple of 295?
True
Is 207 a factor of 6106628?
False
Is 366 a factor of 71458517?
False
Is 5031 a factor of 84196957?
False
Is 121062300 a multiple of 20?
True
Is 9035600 a multiple of 400?
True
Does 20 divide 2921433438?
False
Is 387 a factor of 458595?
True
Is 194441551 a multiple of 1358?
False
Is 437 a factor of 336167057?
True
Is 305844475 a multiple of 28?
False
Is 991711728 a multiple of 808?
True
Is 485903264 a multiple of 214?
True
Is 91 a factor of 6791150?
False
Does 407 divide 1352664500?
True
Does 25 divide 355074300?
True
Is 1859079 a multiple of 3?
True
Does 232 divide 1326477632?
True
Is 46 a factor of 16753116?
False
Is 384837912 a multiple of 9?
True
Does 553 divide 57592578?
False
Is 135725079 a multiple of 31?
False
Is 441821596 a multiple of 8?
False
Is 8375128 a multiple of 92?
True
Is 359 a factor of 793881594?
False
Is 8 a factor of 110277334?
False
Is 107965750 a multiple of 8?
False
Is 207228114 a multiple of 46?
True
Is 205366812 a multiple of 4?
True
Is 164 a factor of 8604096?
True
Is 2789532 a multiple of 3?
True
Is 166 a factor of 1741901399?
False
Is 340572244 a multiple of 382?
False
Is 4 a factor of 12740980?
True
Is 223244880 a multiple of 16?
True
Is 17490846 a multiple of 733?
True
Does 13 divide 3032050086?
True
Is 7 a factor of 96860526?
True
Is 812 a factor of 647955?
False
Is 513442980 a multiple of 4980?
True
Does 376 divide 14823?
False
Is 9 a factor of 114381432?
True
Is 263653581 a multiple of 1478?
False
Is 33858050 a multiple of 305?
True
Is 659 a factor of 155799462?
True
Is 674097941 a multiple of 15?
False
Is 27 a factor of 97862391?
True
Does 8 divide 245844192?
True
Does 20 divide 109173108?
False
Is 405552538 a multiple of 118?
False
Does 67 divide 486629241?
True
Is 89657260 a multiple of 6364?
False
Is 14744268 a multiple of 132?
True
Is 8823766 a multiple of 23?
True
Does 124 divide 16654936?
True
Is 17671227 a multiple of 2149?
True
Is 29 a factor of 6680556?
True
Is 48351132 a multiple of 4?
True
Does 10331 divide 2230400914?
True
Is 69274601 a multiple of 38?
False
Is 63 a factor of 54466335?
True
Is 57 a factor of 81836450?
False
Is 29437097 a multiple of 13?
False
Does 382 divide 54412462?
True
Does 2813 divide 1664606049?
False
Does 13 divide 145556086?
True
Does 30 divide 18953910?
True
Does 218 divide 16693442?
False
Is 21 a factor of 18927714?
False
Is 2946891 a multiple of 941?
False
Is 6939 a factor of 1744367454?
True
Does 13 divide 25522655?
False
Is 1770123469 a multiple of 3077?
False
Is 1283 a factor of 400559330?
False
Is 515 a factor of 173205240?
False
Is 23663552 a multiple of 176?
True
Does 4137 divide 2859362016?
True
Does 522 divide 74642171?
False
Is 550 a factor of 154289835?
False
Is 95 a factor of 6371341?
False
Is 342 a factor of 134397?
False
Does 26 divide 125944?
True
Is 42256910 a multiple of 5?
True
Is 37 a factor of 428149681?
True
Is 107127518 a multiple of 536?
False
Is 298424630 a multiple of 7?
True
Is 57 a factor of 46178721?
True
Does 7 divide 476346374?
True
Is 295361673 a multiple of 71?
False
Does 3 divide 38375413?
False
Is 98 a factor of 817282564?
True
Is 3340 a factor of 716062600?
True
Is 138 a factor of 5053615?
False
Is 98547641 a multiple of 18?
False
Does 237 divide 2758155519?
True
Is 2678275 a multiple of 1189?
False
Is 80259085 a multiple of 34?
False
Does 11 divide 41406063?
False
Is 126941216 a multiple of 16?
True
Does 11 divide 214931205?
False
Does 905 divide 23825030?
True
Is 26394380 a multiple of 10?
True
Is 17 a factor of 156962054?
True
Does 69 divide 81242949?
False
Is 490 a factor of 97199182?
False
Does 3 divide 377467410?
True
Is 42 a factor of 447536334?
True
Is 8973127 a multiple of 16?
False
Does 33 divide 709195443?
True
Does 1496 divide 1026191672?
True
Is 22 a factor of 391612518?
True
Does 47 divide 351379392?
False
Is 8 a factor of 20362244?
False
Is 616 a factor of 2893454581?
False
Does 7428 divide 723888312?
True
Is 17769504 a multiple of 48?
True
Is 107652636 a multiple of 14?
True
Does 88 divide 131496904?
True
Is 30837380 a multiple of 1330?
True
Is 29 a factor of 42509534?
True
Is 11 a factor of 5879448?
False
Is 86 a factor of 77199276?
True
Does 544 divide 2448806321?
False
Does 11 divide 133504382?
True
Is 869922369 a multiple of 8?
False
Is 35 a factor of 15009820?
True
Is 84540150 a multiple of 85?
True
Is 1654480 a multiple of 543?
False
Is 2450065639 a multiple of 11753?
True
Is 3688 a factor of 3272177887?
False
Does 53 divide 85267689?
False
Is 36103072 a multiple of 51?
False
Does 1604 divide 15378786?
False
Is 7319 a factor of 1272177088?
False
Does 89 divide 937072990?
True
Is 347610300 a multiple of 492?
True
Is 5 a factor of 215835335?
True
Is 71669802 a multiple of 1563?
True
Is 948042782 a multiple of 16?
False
Is 199 a factor of 2066430812?
False
Does 145 divide 19006645?
False
Is 2956 a factor of 36202203?
False
Is 15 a factor of 3265965?
True
Is 580 a factor of 84877200?
True
Is 1277 a